-18) + -21)
20
What is the value of 9 - (35 + -23 - -5) - (-2 - 40)?
34
Evaluate 40 + -21 + 34 + -4 + -35.
14
What is 2 - (0 + -3) - (68 - 63 - 37)?
37
Evaluate (3 - (-88 - -81)) + -1 + (-15 + -1 - 0).
-7
Calculate -5 + (-12 - 0 - (23 - (-32 + 3)) - 0).
-69
Calculate (37 - (-20 - -41)) + -52 + 1.
-35
Calculate -1 + -48 + 1956 + -1919.
-12
Calculate 111 + 119 + -138 + -136.
-44
What is -11 - -10 - -11 - (-31 + 13)?
28
What is the value of -36 + (-4 - 6) + (5 + -6 - (-3 + -4))?
-40
What is -44 + (87 - 51) - (1 - -16)?
-25
Calculate 2 + -3 + 187 - (-13028 + 13080).
134
What is 2 - 4 - (102 - (188 + -85))?
-1
Calculate 24 - (50 - (79 + -51)).
2
Evaluate -4 + (-28 + 56 + -76 - -12).
-40
Evaluate 1261 + -1308 + (112 - 0).
65
What is -8 + 11 - -18 - 108?
-87
What is the value of 125 - 88 - 120 - -4?
-79
-27 + -57 + 48 + 56
20
Calculate -42 - -42 - -20 - -1.
21
Calculate 74 - (-278 + 138 + 285).
-71
What is the value of 8 + (-8 - -1) + (-96 - 14)?
-109
Evaluate (-12 - 13) + 26 + 1 + -3 + 2 - 30.
-29
-96 + (10 - (-76 - -34))
-44
What is the value of -3 + (-10 - -6) - ((-2 - 55) + -28 + 23)?
55
Evaluate (-57 - -50) + (8 + -2 + 0 - 1 - 17).
-19
What is -54985 - -54975 - (-22 - 2 - (0 - 1) - -1)?
12
Evaluate 34 - (12 + -15) - 39.
-2
What is (-211 - -19) + (113 - 11)?
-90
-1 + -10 + (-23 - (-21 - -11)) + 5 + -51
-70
Evaluate (183 - 207) + -3 + 2 + 5.
-20
Calculate -7 + (2 - -9 - 2) + -51.
-49
Evaluate 20 + (24 - 7) + -18 + 84.
103
Evaluate (-6 - -8) + 49 + 17 + 22.
90
Evaluate -8 + -1 - -1 - (32 + -32 + (42 - 33)).
-17
What is the value of -3 + 12 - (-82 - (-57 - 125))?
-91
What is the value of -6 - (16 - -4 - -37) - (-2 - (3 - -1))?
-57
What is the value of (-25 - 0) + (-113 - -135) + 16 + -5?
8
What is the value of -3 + 0 - (-5 - (-39 + (-11 + 11 - 2)))?
-39
Evaluate 4 - ((-26 - -1) + (-255 - -345)).
-61
Calculate (4 - -84) + 1 + -33 + (-23 - -52 - 2).
83
Evaluate 361 + -386 + -16 + -1 + (-19 - (-9 - -5)).
-57
Evaluate 7 - ((-3 + 1 - 8) + 0 + 48).
-31
Evaluate -17 + (25 - (6 - -6)) - (1 - 67).
62
What is 51 - ((-39 - -26) + (-4 - (-12 + 5)) + 3)?
58
What is -30 + (-2 - 16) + -23 + 8?
-63
What is 78 + -66 + 51 + (3 - 12)?
54
Calculate -14 - (-6 + 3) - ((113 - 53) + -17).
-54
-4 - -16 - (-6 + 6 + 3 + 84)
-75
-94 - (3 + 8 + -6 + -16) - -19
-64
What is -71 - ((16 - (52 - 11)) + 6)?
-52
Calculate -8 - (112 - -9 - -11 - -9 - (-33 - -36)).
-146
Calculate 7 - (-22 + 11 + -30).
48
55 + -20 + 6 + -7 + -8 - 7
19
-33 - (-50 + -5 + 29)
-7
Evaluate (-20 + 19 - -5) + -28 + 1 - 15.
-38
Calculate 61 + -34 + ((1 - 1) + -11 - (-98 - -96)).
18
What is the value of (-84 - -178) + -55 - (-99 + 0)?
138
Calculate 38 + (-4 - (-21 - (4 - 28))).
31
-133 - (-71 - 3) - (18 + -12)
-65
Calculate -85 + (33 - 14) - (10 - 3).
-73
What is the value of 3 + (-7 + (2 - (11 - 21)) - -50)?
58
What is the value of (-37 - 2) + (280 - 253 - (0 - -34))?
-46
44 + -1 + (17 - 12) + 79 + -64
63
Evaluate -4 + 2 - ((-1 - 10) + (-66 - -77)) - 12.
-14
Calculate (-4 - 45) + (190 - 139).
2
What is -35 + 24 + 14 + 0 + (-2 - 8) + -11?
-18
Evaluate 32 - 1 - (290 - 176 - 182).
99
Calculate 2483 + -2612 + 6 + 91.
-32
267 + -242 + -12 + 1 - (1 + 52)
-39
Calculate -1 + 132 + (-20 - -85) + -66.
130
(-2 - -31) + -22 + 17 - 31
-7
What is the value of 10 - (-6 + -16 + 30 + -34)?
36
What is (-26 - 1) + 0 + (-30 + 58 + -30 - 3)?
-32
Calculate (-3 - -3) + (9 - 28 - -13) + 13.
7
What is -689 + 636 + 15 + 0 + -2?
-40
Calculate (-1 - ((-3 - -6) + -3)) + 0 + (-9 - -3).
-7
Evaluate 54 - (-21 + 115 + -2).
-38
Calculate 12 - ((-38 + 72 - 45) + (50 - 0)).
-27
Evaluate 18 + -1 - (29 - (8 - -20)).
16
What is 39 + 39 + -20 - 53?
5
Evaluate (1 - -1 - (16 - -7)) + 44 + (-13 - 31).
-21
What is -1 + -85 + (-177 - -200) + 2 + 0 + -19?
-80
(12 - (-21 - 27)) + 19 + 6
85
Evaluate -85 - -48 - 63 - -106.
6
Calculate -16 + 10 - (-4 - -24) - 4.
-30
74 - (46 - 23) - -9
60
What is the value of (-12 - -1) + (-75 - (50 - 119)) - -79?
62
What is 113 - 56 - 32 - (-7 - -32)?
0
What is -7 - (-16 + 40) - 0 - -31?
0
What is 3 - (-13 - (-128 + 165))?
53
What is -20 - ((-1 - -34) + (-212 - -208))?
-49
Calculate -61 - (100 + -240 + -68).
147
What is -6 - (4 + (7 - (20 + -6)) - 5) - 32?
-30
Calculate (-1972 - -1876) + (1 - -9).
-86
4 + (80 - (1 + 6 + 4 + -7))
80
(10 - (34 - (-1 + 2)) - (-11 + 2)) + -47
-61
-30 - (45 + -19) - (3 - (-8 + 7))
-60
What is 85 + -28 + -157 + 51?
-49
Evaluate -41 - (1 - -11) - (-30 - -12).
-35
Calculate (-4 + -2 - ((-3 - -41) + -29)) + -1.
-16
What is (11 - (7 + 17) - -1) + 9?
-3
(0 - -1 - -12) + -31 + 85 + -33
34
(0 - 9) + (14 - (30 + -59 + -49)) + -6
77
Evaluate 5 - (-9 - (-13 + 28 + -21)).
8
Calculate 14 + -64 + (-11 - 10) + -3 - -8.
-66
Evaluate -7 + -4 + (140 - -31) + -13.
147
Calculate 140 - (64 + (72 - 28)).
32
Evaluate -16 + 50 + -29 + (-4 - 19).
-18
What is the value of 3 + 21 + 20 + (-32 - -28)?
40
Evaluate 3 - (-5 + (-1 - (0 + -4))) - (5 - -55).
-55
Evaluate -4 + -1 + (57 - 56) + -3 + 51.
44
Calculate -42 + (-10 - (-28 - -18)).
-42
Calculate 71 + (-52 - (1 - -9)).
9
What is (13 - 98 - -2) + (-7 - (-9 - -10))?
-91
What is the value of 7 + 29 + 6 - (-459 - -484)?
17
Evaluate -45 + (-5 + -4 + 21 - (-5 + 19)).
-47
What is the value of 11 + -7 + 12 + -28 + 147 - (-5 - 1)?
141
What is the value of (17 - (11 - 31)) + -54 + 49?
32
15 + 2 + -26 + (-18 - -3)
-24
Evaluate (-129 - -106) + (11 - -1) + 1 + 1 + -14.
-23
Evaluate 544 - 594 - (-20 - 0).
-30
What is the value of -53 + 39 + 54 - -16?
56
Calculate -361 + 376 + (-2 - -69).
82
-29 + (5 - 22 - (-7 + (-1 - -2)))
-40
Evaluate 29 + (-20 - -45) + -52 + (11 - (-3 + -1)).
17
Calculate -7106 + 7093 + (19 - (2 + 0 - 0)).
4
What is -107 + (-12 - -6) - -23 - (-8 + 2)?
-84
What is the value of 15 - (10 + -47 + 38)?
14
What is the value of (48 - 46) + -23 + 17?
-4
(30 - -34 - 90) + -10
-36
Calculate -41 - (-3 + 61 + -47).
-52
Calculate 23 - (8 + 30) - ((-7 - 55) + 7).
40
What is 29 + 1 + (101 - (169 + -96))?
58
-1 - (-10 + 4 + -43) - (-47 + 60)
35
What is 3 - 2 - 92 - (-26 + 92 + -32 - 38)?
-87
Calculate -1 + (113 - 175) + -3 + (14 - 4 - -4).
-52
What is (38 + -76 - -92) + -121?
-67
-44 - (-6 + -65 + 22)
5
What is the value of (4 - -2) + 43 + (-24 - -54 - -5)?
84
Calculate (711 - 704) + -23 + 4 - -103.
91
What is the value of -4 - (7 + (8 - (24 - 13 - -15)))?
7
What is the value of -11 + 26 - (50 + -14 + -15)?
-6
What is the value of -56 + -1 + -2 + 1 - (-39994 - -39986)?
-50
(-86 - (-160 - -34)) + 0 + 4 + -2
42
Calculate -25 - ((26 - 9 - 7) + -5 + -13).
-17
What is -95 - (165 + -77 - 91)?
-92
Calculate -23 - (-2 + (89 - 52)).
-58
52 + (54 - 51) - (12 - -1)
42
What is (-5 - -26 - (67 + -11)) + -11?
-46
24 + (23 - -42) + -58
31
0 + -2 + (-74 - (24 + -21 - 22))
-57
Evaluate 1 - 17 - ((40 - (27 + 2)) + (-1 - 8)).
-18
Calculate -1 + -31 + -1 + 53 + (-107 - (-88 + 36)).
-35
Evaluate -14 + (-14 - (24 - 3) - -15).
-34
-2 - ((0 - -4 - 2) + -5) - (48 - 104)
57
Evaluate -36 + (-31 - (18 + -84)).
-1
Calculate (-28 - 0) + (-1621 - -1617).
-32
Evaluate (32 - 79) + 86 - -37.
76
Calculate 16 + (77 + 1 + 1 - (223 + (-523 - -288))).
107
-155 + (56 - 21) + -38 + 46
-112
Calculate -443 - -508 - (120 + 1).
-56
What is (-108 - -90 - -12) + 83?
77
(7 - -40) + 10 - (131 - 143)
69
What is 9 + -21 + (30 - 14) + -6?
-2
Evaluate 5 + 33 + 6 + 18.
62
Evaluate (5 - (-24 - (-19 + -1))) + -9 + 3.
3
-1 - (30 - 25) - (16 + (-2 - -1))
-21
89 + -55 + (2 - 13)
23
Evaluate (55 - 24) + -19 + -8 + (2 - -1).
7
Calculate 213 - (-169 - -93 - -173).
116
Calculate 21 - (29 - (8 + 52)).
52
Calculate 6 + 4 - (-37 - -34 - -19).
-6
What is the value of -2 - 3 - -3 - (1 - -23) - (-32 + 31)?
-25
-65 - (24 - 5 - (6 + -2))
-80
-57 + 53 + 11 - (1 - -7) - (1 + 60)
-62
Evaluate 57 + 34 + -230 - -85.
-54
Evaluate 82 + -49 + 6 - (16 - 2).
25
Evaluate 2 + 0 + (10 - (29 + (-46 - -7))).
22
What is the value of (29 - 2 - (6 - (-42 + 43))) + 6?
28
Evaluate 0 + (15 - 11) + 1 + -6 + 36 + 4.
39
(-3786 - -3851) + 12 + 1
78
38 + -39 + 99 - (2 - 9 - 3)
108
Evaluate -3 + -7 + (100 - 103) - -37.
24
Calculate -19 + (34 - (43 + -40)) + (-3 - 0) + 0.
9
1 - -11 - 1 - (-14 - (-28 - -8 - 2))
3
Evaluate 57 - (13 - ((-22 - -50) + -21)).
51
What is the value of -36 - (-56 + 30) - (1 + 9)?
-20
Calculate (1 + -149 - 0) + -99 + 390 + -275.
-132
Evaluate -137 + (-4